{"id":1037,"date":"2023-12-15T19:52:50","date_gmt":"2023-12-15T17:52:50","guid":{"rendered":"https:\/\/kestutisart.lt\/wordpress_1\/?page_id=1037"},"modified":"2025-02-08T17:59:45","modified_gmt":"2025-02-08T15:59:45","slug":"sveicarija","status":"publish","type":"page","link":"https:\/\/kestutisart.lt\/wordpress_1\/?page_id=1037","title":{"rendered":"\u0160veicarija"},"content":{"rendered":"\n<h2 class=\"wp-block-heading\">Elm, Glarus S\u00fcd, tarptautinis simpoziumas &#8222;HolzART-Week 2023&#8221;<\/h2>\n\n\n\n<figure class=\"wp-block-gallery has-nested-images columns-default is-cropped wp-block-gallery-1 is-layout-flex wp-block-gallery-is-layout-flex\">\n<figure class=\"wp-block-image size-large\"><img loading=\"lazy\" decoding=\"async\" width=\"768\" height=\"1024\" data-id=\"1045\" src=\"https:\/\/kestutisart.lt\/wordpress_1\/wp-content\/uploads\/2023\/12\/DSCF6479-768x1024.jpg\" alt=\"\" class=\"wp-image-1045\" srcset=\"https:\/\/kestutisart.lt\/wordpress_1\/wp-content\/uploads\/2023\/12\/DSCF6479-768x1024.jpg 768w, https:\/\/kestutisart.lt\/wordpress_1\/wp-content\/uploads\/2023\/12\/DSCF6479-225x300.jpg 225w, https:\/\/kestutisart.lt\/wordpress_1\/wp-content\/uploads\/2023\/12\/DSCF6479-1152x1536.jpg 1152w, https:\/\/kestutisart.lt\/wordpress_1\/wp-content\/uploads\/2023\/12\/DSCF6479-1536x2048.jpg 1536w, https:\/\/kestutisart.lt\/wordpress_1\/wp-content\/uploads\/2023\/12\/DSCF6479-scaled.jpg 1920w\" sizes=\"auto, (max-width: 768px) 100vw, 768px\" \/><\/figure>\n\n\n\n<figure class=\"wp-block-image size-large\"><img loading=\"lazy\" decoding=\"async\" width=\"724\" height=\"1024\" data-id=\"1046\" src=\"https:\/\/kestutisart.lt\/wordpress_1\/wp-content\/uploads\/2023\/12\/Misko-karalius-0062-tap.gal_-724x1024.jpg\" alt=\"\" class=\"wp-image-1046\" srcset=\"https:\/\/kestutisart.lt\/wordpress_1\/wp-content\/uploads\/2023\/12\/Misko-karalius-0062-tap.gal_-724x1024.jpg 724w, https:\/\/kestutisart.lt\/wordpress_1\/wp-content\/uploads\/2023\/12\/Misko-karalius-0062-tap.gal_-212x300.jpg 212w, https:\/\/kestutisart.lt\/wordpress_1\/wp-content\/uploads\/2023\/12\/Misko-karalius-0062-tap.gal_-768x1086.jpg 768w, https:\/\/kestutisart.lt\/wordpress_1\/wp-content\/uploads\/2023\/12\/Misko-karalius-0062-tap.gal_-1086x1536.jpg 1086w, https:\/\/kestutisart.lt\/wordpress_1\/wp-content\/uploads\/2023\/12\/Misko-karalius-0062-tap.gal_-1448x2048.jpg 1448w, https:\/\/kestutisart.lt\/wordpress_1\/wp-content\/uploads\/2023\/12\/Misko-karalius-0062-tap.gal_-scaled.jpg 1810w\" sizes=\"auto, (max-width: 724px) 100vw, 724px\" \/><\/figure>\n\n\n\n<figure class=\"wp-block-image size-large\"><img loading=\"lazy\" decoding=\"async\" width=\"768\" height=\"1024\" data-id=\"1044\" src=\"https:\/\/kestutisart.lt\/wordpress_1\/wp-content\/uploads\/2023\/12\/DSCF6489-1-768x1024.jpg\" alt=\"\" class=\"wp-image-1044\" srcset=\"https:\/\/kestutisart.lt\/wordpress_1\/wp-content\/uploads\/2023\/12\/DSCF6489-1-768x1024.jpg 768w, https:\/\/kestutisart.lt\/wordpress_1\/wp-content\/uploads\/2023\/12\/DSCF6489-1-225x300.jpg 225w, https:\/\/kestutisart.lt\/wordpress_1\/wp-content\/uploads\/2023\/12\/DSCF6489-1-1152x1536.jpg 1152w, https:\/\/kestutisart.lt\/wordpress_1\/wp-content\/uploads\/2023\/12\/DSCF6489-1-1536x2048.jpg 1536w, https:\/\/kestutisart.lt\/wordpress_1\/wp-content\/uploads\/2023\/12\/DSCF6489-1-scaled.jpg 1920w\" sizes=\"auto, (max-width: 768px) 100vw, 768px\" \/><\/figure>\n<\/figure>\n\n\n\n<p class=\"has-text-align-center has-medium-font-size\">&#8222;Mi\u0161ko karalius&#8221;, h 230cm., Elm Glarus Sud, \u0160veicarija. 2023<\/p>\n\n\n\n<hr class=\"wp-block-separator has-alpha-channel-opacity\"\/>\n\n\n\n<h2 class=\"wp-block-heading\">Elm, Glarus S\u00fcd, tarptautinis simpoziumas &#8222;HolzART-Week 2024&#8221;<\/h2>\n\n\n\n<figure class=\"wp-block-gallery has-nested-images columns-default is-cropped wp-block-gallery-2 is-layout-flex wp-block-gallery-is-layout-flex\">\n<figure class=\"wp-block-image size-large\"><img loading=\"lazy\" decoding=\"async\" width=\"769\" height=\"1024\" data-id=\"1173\" src=\"https:\/\/kestutisart.lt\/wordpress_1\/wp-content\/uploads\/2025\/02\/Ant-Todi-kalno-virsunes-Sveicarija-2023-002-769x1024.jpg\" alt=\"\" class=\"wp-image-1173\" srcset=\"https:\/\/kestutisart.lt\/wordpress_1\/wp-content\/uploads\/2025\/02\/Ant-Todi-kalno-virsunes-Sveicarija-2023-002-769x1024.jpg 769w, https:\/\/kestutisart.lt\/wordpress_1\/wp-content\/uploads\/2025\/02\/Ant-Todi-kalno-virsunes-Sveicarija-2023-002-225x300.jpg 225w, https:\/\/kestutisart.lt\/wordpress_1\/wp-content\/uploads\/2025\/02\/Ant-Todi-kalno-virsunes-Sveicarija-2023-002-768x1023.jpg 768w, https:\/\/kestutisart.lt\/wordpress_1\/wp-content\/uploads\/2025\/02\/Ant-Todi-kalno-virsunes-Sveicarija-2023-002-1153x1536.jpg 1153w, https:\/\/kestutisart.lt\/wordpress_1\/wp-content\/uploads\/2025\/02\/Ant-Todi-kalno-virsunes-Sveicarija-2023-002.jpg 1387w\" sizes=\"auto, (max-width: 769px) 100vw, 769px\" \/><\/figure>\n\n\n\n<figure class=\"wp-block-image size-large\"><img loading=\"lazy\" decoding=\"async\" width=\"724\" height=\"1024\" data-id=\"1175\" src=\"https:\/\/kestutisart.lt\/wordpress_1\/wp-content\/uploads\/2025\/02\/On-top-of-the-Todi-mountain-004-tap-724x1024.jpg\" alt=\"\" class=\"wp-image-1175\" srcset=\"https:\/\/kestutisart.lt\/wordpress_1\/wp-content\/uploads\/2025\/02\/On-top-of-the-Todi-mountain-004-tap-724x1024.jpg 724w, https:\/\/kestutisart.lt\/wordpress_1\/wp-content\/uploads\/2025\/02\/On-top-of-the-Todi-mountain-004-tap-212x300.jpg 212w, https:\/\/kestutisart.lt\/wordpress_1\/wp-content\/uploads\/2025\/02\/On-top-of-the-Todi-mountain-004-tap-768x1086.jpg 768w, https:\/\/kestutisart.lt\/wordpress_1\/wp-content\/uploads\/2025\/02\/On-top-of-the-Todi-mountain-004-tap-1086x1536.jpg 1086w, https:\/\/kestutisart.lt\/wordpress_1\/wp-content\/uploads\/2025\/02\/On-top-of-the-Todi-mountain-004-tap-1448x2048.jpg 1448w, https:\/\/kestutisart.lt\/wordpress_1\/wp-content\/uploads\/2025\/02\/On-top-of-the-Todi-mountain-004-tap-scaled.jpg 1810w\" sizes=\"auto, (max-width: 724px) 100vw, 724px\" \/><\/figure>\n\n\n\n<figure class=\"wp-block-image size-large\"><img loading=\"lazy\" decoding=\"async\" width=\"767\" height=\"1024\" data-id=\"1174\" src=\"https:\/\/kestutisart.lt\/wordpress_1\/wp-content\/uploads\/2025\/02\/Ant-Todi-kalno-virsunes-Sveicarija-001-767x1024.jpg\" alt=\"\" class=\"wp-image-1174\" srcset=\"https:\/\/kestutisart.lt\/wordpress_1\/wp-content\/uploads\/2025\/02\/Ant-Todi-kalno-virsunes-Sveicarija-001-767x1024.jpg 767w, https:\/\/kestutisart.lt\/wordpress_1\/wp-content\/uploads\/2025\/02\/Ant-Todi-kalno-virsunes-Sveicarija-001-225x300.jpg 225w, https:\/\/kestutisart.lt\/wordpress_1\/wp-content\/uploads\/2025\/02\/Ant-Todi-kalno-virsunes-Sveicarija-001-768x1026.jpg 768w, https:\/\/kestutisart.lt\/wordpress_1\/wp-content\/uploads\/2025\/02\/Ant-Todi-kalno-virsunes-Sveicarija-001-1150x1536.jpg 1150w, https:\/\/kestutisart.lt\/wordpress_1\/wp-content\/uploads\/2025\/02\/Ant-Todi-kalno-virsunes-Sveicarija-001.jpg 1362w\" sizes=\"auto, (max-width: 767px) 100vw, 767px\" \/><\/figure>\n<\/figure>\n\n\n\n<p class=\"has-text-align-center has-medium-font-size\">&#8222;Ant T\u00f6di kalno vir\u0161\u016bn\u0117s (On top of the T\u00f6di mountain)&#8221;, h 106cm, Elm Glarus Sud, \u0160veicarija. 2024<\/p>\n\n\n\n<hr class=\"wp-block-separator has-alpha-channel-opacity\"\/>\n","protected":false},"excerpt":{"rendered":"<p>Elm, Glarus S\u00fcd, tarptautinis simpoziumas &#8222;HolzART-Week 2023&#8221; &#8222;Mi\u0161ko karalius&#8221;, h 230cm., Elm Glarus Sud, \u0160veicarija. 2023 Elm, Glarus S\u00fcd, tarptautinis simpoziumas &#8222;HolzART-Week 2024&#8221; &#8222;Ant T\u00f6di kalno vir\u0161\u016bn\u0117s (On top of the T\u00f6di mountain)&#8221;, h 106cm, Elm Glarus Sud, \u0160veicarija. 2024<\/p>\n","protected":false},"author":1,"featured_media":0,"parent":0,"menu_order":0,"comment_status":"closed","ping_status":"closed","template":"","meta":{"footnotes":""},"class_list":["post-1037","page","type-page","status-publish","hentry"],"_links":{"self":[{"href":"https:\/\/kestutisart.lt\/wordpress_1\/index.php?rest_route=\/wp\/v2\/pages\/1037","targetHints":{"allow":["GET"]}}],"collection":[{"href":"https:\/\/kestutisart.lt\/wordpress_1\/index.php?rest_route=\/wp\/v2\/pages"}],"about":[{"href":"https:\/\/kestutisart.lt\/wordpress_1\/index.php?rest_route=\/wp\/v2\/types\/page"}],"author":[{"embeddable":true,"href":"https:\/\/kestutisart.lt\/wordpress_1\/index.php?rest_route=\/wp\/v2\/users\/1"}],"replies":[{"embeddable":true,"href":"https:\/\/kestutisart.lt\/wordpress_1\/index.php?rest_route=%2Fwp%2Fv2%2Fcomments&post=1037"}],"version-history":[{"count":7,"href":"https:\/\/kestutisart.lt\/wordpress_1\/index.php?rest_route=\/wp\/v2\/pages\/1037\/revisions"}],"predecessor-version":[{"id":1179,"href":"https:\/\/kestutisart.lt\/wordpress_1\/index.php?rest_route=\/wp\/v2\/pages\/1037\/revisions\/1179"}],"wp:attachment":[{"href":"https:\/\/kestutisart.lt\/wordpress_1\/index.php?rest_route=%2Fwp%2Fv2%2Fmedia&parent=1037"}],"curies":[{"name":"wp","href":"https:\/\/api.w.org\/{rel}","templated":true}]}}

Šveicarija

<h2 class="wp-block-heading">Elm, Glarus Süd, tarptautinis simpoziumas &#8222;HolzART-Week 2023&#8221;</h2>



<figure class="wp-block-gallery has-nested-images columns-default is-cropped wp-block-gallery-1 is-layout-flex wp-block-gallery-is-layout-flex">
<figure class="wp-block-image size-large"><img loading="lazy" decoding="async" width="768" height="1024" data-id="1045" src="https://kestutisart.lt/wordpress_1/wp-content/uploads/2023/12/DSCF6479-768x1024.jpg" alt="" class="wp-image-1045" srcset="https://kestutisart.lt/wordpress_1/wp-content/uploads/2023/12/DSCF6479-768x1024.jpg 768w, https://kestutisart.lt/wordpress_1/wp-content/uploads/2023/12/DSCF6479-225x300.jpg 225w, https://kestutisart.lt/wordpress_1/wp-content/uploads/2023/12/DSCF6479-1152x1536.jpg 1152w, https://kestutisart.lt/wordpress_1/wp-content/uploads/2023/12/DSCF6479-1536x2048.jpg 1536w, https://kestutisart.lt/wordpress_1/wp-content/uploads/2023/12/DSCF6479-scaled.jpg 1920w" sizes="auto, (max-width: 768px) 100vw, 768px" /></figure>



<figure class="wp-block-image size-large"><img loading="lazy" decoding="async" width="724" height="1024" data-id="1046" src="https://kestutisart.lt/wordpress_1/wp-content/uploads/2023/12/Misko-karalius-0062-tap.gal_-724x1024.jpg" alt="" class="wp-image-1046" srcset="https://kestutisart.lt/wordpress_1/wp-content/uploads/2023/12/Misko-karalius-0062-tap.gal_-724x1024.jpg 724w, https://kestutisart.lt/wordpress_1/wp-content/uploads/2023/12/Misko-karalius-0062-tap.gal_-212x300.jpg 212w, https://kestutisart.lt/wordpress_1/wp-content/uploads/2023/12/Misko-karalius-0062-tap.gal_-768x1086.jpg 768w, https://kestutisart.lt/wordpress_1/wp-content/uploads/2023/12/Misko-karalius-0062-tap.gal_-1086x1536.jpg 1086w, https://kestutisart.lt/wordpress_1/wp-content/uploads/2023/12/Misko-karalius-0062-tap.gal_-1448x2048.jpg 1448w, https://kestutisart.lt/wordpress_1/wp-content/uploads/2023/12/Misko-karalius-0062-tap.gal_-scaled.jpg 1810w" sizes="auto, (max-width: 724px) 100vw, 724px" /></figure>



<figure class="wp-block-image size-large"><img loading="lazy" decoding="async" width="768" height="1024" data-id="1044" src="https://kestutisart.lt/wordpress_1/wp-content/uploads/2023/12/DSCF6489-1-768x1024.jpg" alt="" class="wp-image-1044" srcset="https://kestutisart.lt/wordpress_1/wp-content/uploads/2023/12/DSCF6489-1-768x1024.jpg 768w, https://kestutisart.lt/wordpress_1/wp-content/uploads/2023/12/DSCF6489-1-225x300.jpg 225w, https://kestutisart.lt/wordpress_1/wp-content/uploads/2023/12/DSCF6489-1-1152x1536.jpg 1152w, https://kestutisart.lt/wordpress_1/wp-content/uploads/2023/12/DSCF6489-1-1536x2048.jpg 1536w, https://kestutisart.lt/wordpress_1/wp-content/uploads/2023/12/DSCF6489-1-scaled.jpg 1920w" sizes="auto, (max-width: 768px) 100vw, 768px" /></figure>
</figure>



<p class="has-text-align-center has-medium-font-size">&#8222;Miško karalius&#8221;, h 230cm., Elm Glarus Sud, Šveicarija. 2023</p>



<hr class="wp-block-separator has-alpha-channel-opacity"/>



<h2 class="wp-block-heading">Elm, Glarus Süd, tarptautinis simpoziumas &#8222;HolzART-Week 2024&#8221;</h2>



<figure class="wp-block-gallery has-nested-images columns-default is-cropped wp-block-gallery-2 is-layout-flex wp-block-gallery-is-layout-flex">
<figure class="wp-block-image size-large"><img loading="lazy" decoding="async" width="769" height="1024" data-id="1173" src="https://kestutisart.lt/wordpress_1/wp-content/uploads/2025/02/Ant-Todi-kalno-virsunes-Sveicarija-2023-002-769x1024.jpg" alt="" class="wp-image-1173" srcset="https://kestutisart.lt/wordpress_1/wp-content/uploads/2025/02/Ant-Todi-kalno-virsunes-Sveicarija-2023-002-769x1024.jpg 769w, https://kestutisart.lt/wordpress_1/wp-content/uploads/2025/02/Ant-Todi-kalno-virsunes-Sveicarija-2023-002-225x300.jpg 225w, https://kestutisart.lt/wordpress_1/wp-content/uploads/2025/02/Ant-Todi-kalno-virsunes-Sveicarija-2023-002-768x1023.jpg 768w, https://kestutisart.lt/wordpress_1/wp-content/uploads/2025/02/Ant-Todi-kalno-virsunes-Sveicarija-2023-002-1153x1536.jpg 1153w, https://kestutisart.lt/wordpress_1/wp-content/uploads/2025/02/Ant-Todi-kalno-virsunes-Sveicarija-2023-002.jpg 1387w" sizes="auto, (max-width: 769px) 100vw, 769px" /></figure>



<figure class="wp-block-image size-large"><img loading="lazy" decoding="async" width="724" height="1024" data-id="1175" src="https://kestutisart.lt/wordpress_1/wp-content/uploads/2025/02/On-top-of-the-Todi-mountain-004-tap-724x1024.jpg" alt="" class="wp-image-1175" srcset="https://kestutisart.lt/wordpress_1/wp-content/uploads/2025/02/On-top-of-the-Todi-mountain-004-tap-724x1024.jpg 724w, https://kestutisart.lt/wordpress_1/wp-content/uploads/2025/02/On-top-of-the-Todi-mountain-004-tap-212x300.jpg 212w, https://kestutisart.lt/wordpress_1/wp-content/uploads/2025/02/On-top-of-the-Todi-mountain-004-tap-768x1086.jpg 768w, https://kestutisart.lt/wordpress_1/wp-content/uploads/2025/02/On-top-of-the-Todi-mountain-004-tap-1086x1536.jpg 1086w, https://kestutisart.lt/wordpress_1/wp-content/uploads/2025/02/On-top-of-the-Todi-mountain-004-tap-1448x2048.jpg 1448w, https://kestutisart.lt/wordpress_1/wp-content/uploads/2025/02/On-top-of-the-Todi-mountain-004-tap-scaled.jpg 1810w" sizes="auto, (max-width: 724px) 100vw, 724px" /></figure>



<figure class="wp-block-image size-large"><img loading="lazy" decoding="async" width="767" height="1024" data-id="1174" src="https://kestutisart.lt/wordpress_1/wp-content/uploads/2025/02/Ant-Todi-kalno-virsunes-Sveicarija-001-767x1024.jpg" alt="" class="wp-image-1174" srcset="https://kestutisart.lt/wordpress_1/wp-content/uploads/2025/02/Ant-Todi-kalno-virsunes-Sveicarija-001-767x1024.jpg 767w, https://kestutisart.lt/wordpress_1/wp-content/uploads/2025/02/Ant-Todi-kalno-virsunes-Sveicarija-001-225x300.jpg 225w, https://kestutisart.lt/wordpress_1/wp-content/uploads/2025/02/Ant-Todi-kalno-virsunes-Sveicarija-001-768x1026.jpg 768w, https://kestutisart.lt/wordpress_1/wp-content/uploads/2025/02/Ant-Todi-kalno-virsunes-Sveicarija-001-1150x1536.jpg 1150w, https://kestutisart.lt/wordpress_1/wp-content/uploads/2025/02/Ant-Todi-kalno-virsunes-Sveicarija-001.jpg 1362w" sizes="auto, (max-width: 767px) 100vw, 767px" /></figure>
</figure>



<p class="has-text-align-center has-medium-font-size">&#8222;Ant Tödi kalno viršūnės (On top of the Tödi mountain)&#8221;, h 106cm, Elm Glarus Sud, Šveicarija. 2024</p>



<hr class="wp-block-separator has-alpha-channel-opacity"/>

<p>Elm, Glarus Süd, tarptautinis simpoziumas &#8222;HolzART-Week 2023&#8221; &#8222;Miško karalius&#8221;, h 230cm., Elm Glarus Sud, Šveicarija. 2023 Elm, Glarus Süd, tarptautinis simpoziumas &#8222;HolzART-Week 2024&#8221; &#8222;Ant Tödi kalno viršūnės (On top of the Tödi mountain)&#8221;, h 106cm, Elm Glarus Sud, Šveicarija. 2024</p>
